= 51 + l. Calculate x(v).
6
Let k(t) = -t**3 + 15*t**2 + 18*t - 37. Let o be k(16). Let x(q) = -7*q**2 - 34*q - 1. What is x(o)?
-6
Suppose -5*l = 2*n - 3*n + 26, 2*l + 4*n + 6 = 0. Let o(f) = 2*f + 6. Determine o(l).
-4
Let b be (3/(-2))/((-30)/(-560)). Let d = -15 - b. Let u(a) = 2 + 3*a - 4*a - d. Determine u(-5).
-6
Let m(w) = -1 - 4 + 3 + 598*w - 617*w + 4. Give m(-2).
40
Let q(p) = 13 + 36*p - 109*p + 34*p + 40*p. Calculate q(-6).
7
Let u be (4/(16/(-20)))/(-1). Suppose 0 = -i + 5*w - 9 - 9, -i = u*w - 32. Let y = -5 + i. Let n(z) = z**3 - 3*z**2 + 3*z - 1. Give n(y).
1
Let l(n) = -n + 2. Let y = -1 - 5. Let c(i) = -i + 1. Let m(k) = y*c(k) + 5*l(k). Let q(b) = 3*b + 70. Let f be q(-25). What is m(f)?
-1
Let s(h) be the second derivative of 1/6*h**4 + h**2 + 1/2*h**3 - 20*h + 0. Give s(-2).
4
Let z(m) = -41*m - 10 + 27 - 34*m + 76*m. What is z(-13)?
4
Let a(v) be the third derivative of v**4/24 - 11*v**3/3 - 28*v**2 - 2*v. Give a(0).
-22
Suppose -2*o - 1 = -9. Suppose -2*u + v + 3 = 2*u, 2*v = 2*u + 6. Let m(r) = -u*r**2 - r**3 + 2*r**3 + 2*r + 5 - 9*r. What is m(o)?
9
Let c(w) = 2*w - 41. Let z be (51 + -50)*(2 + 16). What is c(z)?
-5
Let v(z) = -z**3 + 12*z**2 + 2*z - 20. Let w be v(12). Let x(r) be the second derivative of -w*r + 1/3*r**3 - 1/2*r**2 + 0. Determine x(-2).
-5
Let l(f) = 2*f - 10. Let s(d) = -6*d + 21. Let c(u) = 7*l(u) + 3*s(u). What is c(-2)?
1
Let q(r) = -r**2 - 4*r + 2. Let p = -61 + 33. Let c be (-6)/21 - (-132)/p. Determine q(c).
-3
Suppose 0 = 3*k - 4*q + 26, 0 = 3*k + 3*q - 9. Let s be 3/2 - (-23)/k. Let b = 5 + s. Let m(w) = w**3 + 4*w**2 - 3*w + 6. What is m(b)?
-4
Let i(s) = -23*s. Let r = -2074 + 2076. Determine i(r).
-46
Let g(q) = q**3 - q**2 + q. Let j(a) = 2*a**3 - 9*a**2 + 3*a - 5. Let k(u) = -3*g(u) + j(u). Determine k(-6).
-5
Let w(q) = -14 - q**2 + 6*q - 19 - 13 + 44. What is w(9)?
-29
Let r(m) be the third derivative of -5*m**4/12 - m**3/6 + 3*m**2. Let v(i) = -29*i - 175. Let p be v(-6). Determine r(p).
9
Let u(d) = -2*d**2 - d + 4. Suppose 2*c = -5*x - 3, -4*c - 14 = 2*x - 0*x. Let t be -1 + x*(-1)/1. Let w be (4*12/8)/t. Calculate u(w).
-11
Let v(b) be the first derivative of 3*b**5/20 - b**4/12 - 11*b + 2. Let g(d) be the first derivative of v(d). Let a = 4 - 5. Determine g(a).
-4
Let p(i) be the third derivative of -i**4/24 + 8*i**3/3 + 8*i**2 - 4*i. What is p(13)?
3
Let v be (6/(-4))/(16/(-32)). Let x(h) = h**3 - h**2 - 2*h - 1. Determine x(v).
11
Let k(w) = 4*w - 25 + 23 - 2*w. Let d(s) = -s**3 + 8*s**2 - 2*s + 11. Let x be d(8). Let v(u) = -u**3 - 6*u**2 - 6*u - 3. Let a be v(x). Give k(a).
2
Let y(g) = -g**2 - 4*g**3 - g - 2*g**3 + 5*g**3. Suppose 2*w + 12 - 14 = 0. Let x(t) = -3*t**2 - 3*t + 4. Let b be x(w). Give y(b).
6
Let h(g) = 8*g - 1. Let l(b) = -2*b**3 + 2*b**2 - 2*b + 3. Let a be l(2). Suppose -k - k = -16. Let f = k + a. Calculate h(f).
-9
Let s(j) = -j**3 - 3*j**2 - j. Let n(d) = -3*d**2 - 42*d + 44. Let c(x) = -x**2 - 14*x + 15. Let k(w) = -7*c(w) + 2*n(w). Let i be k(-15). Determine s(i).
-2
Let s(d) = -4*d - 3. Let t(y) = -11*y - 3. Let f(z) = 21*z + 6. Let c(m) = 6*f(m) + 11*t(m). Let h(k) = 2*c(k) + 3*s(k). What is h(-2)?
1
Let u(y) be the first derivative of -y**2/2 - 6*y - 5. Let m be 2/69*-3 + 228/(-23). Give u(m).
4
Let p(u) = -u**3 - 3*u**2 + 5*u + 3. Let o be p(-4). Let t be (o + 28/20)*-15. Let q(j) = -j**2 - 4*j + 4. Give q(t).
-8
Suppose -10*q + 205 = 31*q. Let t(x) = -x**2 + 7*x - 5. Calculate t(q).
5
Let s be 8*3/((-15)/(-5) + 0). Let u(v) = v**3 + v**2 - v + 1. Let m(r) = -r**3 - 10*r**2 + 3*r - 10. Let l(o) = m(o) + 2*u(o). Determine l(s).
0
Let h(b) = 72*b - 75*b + 8 - 5 + 17. What is h(8)?
-4
Suppose -2 = 3*b - 14. Let y(g) = g + 3 + 3*g**2 + g - g**3 - b*g. Determine y(3).
-3
Suppose -130 = -7*n + 3. Suppose -4*u + 0*c = c - n, c - 7 = -u. Let l(h) = 2*h - 2. Calculate l(u).
6
Suppose 9*a - a = -8. Let z(f) = 7*f**3 + 3*f**2 + f - 3. Let d(h) = 8*h**3 + 2*h**2 + h - 2. Let b(m) = -4*d(m) + 3*z(m). What is b(a)?
12
Let x(n) = 5*n. Let f(d) = 7*d. Let o(b) = 2*f(b) - 3*x(b). Let u(g) = -g**3 - g + 4. Let s be u(0). What is o(s)?
-4
Let d(n) = 5*n**3 - 5*n**2 - 9*n + 9. Let q(b) = b**3 - b**2 - 2*b + 2. Let j(o) = -2*d(o) + 9*q(o). What is j(0)?
0
Let h(a) = -a + 6. Let c(f) = f**2 + 6*f - 4. Let n(d) = -c(d) - 2*h(d). Determine n(-4).
-8
Let l(b) be the second derivative of b**7/1260 + b**6/180 + 7*b**4/6 + 18*b. Let g(n) be the third derivative of l(n). Calculate g(-4).
16
Let x(a) = 4*a + 8. Let i(t) = -8*t - 17. Suppose 5*p - 8*p = 0. Suppose p = -4*k - 0*k - 28. Let m(r) = k*x(r) - 3*i(r). Give m(-4).
11
Let n(v) = -v**3 - 3*v**2 - 112 + 0*v**2 + 113. Suppose 5*o + 0*o = 3*p - 22, -5*o - 29 = 4*p. Let k be (-3)/o - (-52)/(-20). Determine n(k).
-3
Let d(z) = -13*z**2 + 19*z - 1. Let u(t) = -t**2 + 3*t. Let f(w) = -d(w) + 6*u(w). What is f(1)?
7
Let z be 2 + 0 + 2*3. Let d be 4/24*-4*9. Let q = z + d. Let t(h) = h**3 - 4*h**2 + 3*h - 3. Give t(q).
-5
Suppose 0 = 4*b + 4*j + 24, 2*b + 4*j + 0*j = -20. Let o = 213 - 126. Let y(t) = 47*t - o*t + 2 + 39*t. What is y(b)?
4
Let a(u) = -5*u**2 - 12*u + 2. Let d(c) = c**2 + c - 1. Suppose -2*r - 1 = 7. Let n(s) = r*d(s) - a(s). Give n(-3).
-13
Suppose -3*c + 45 = -0*c. Let w = c - 13. Let a(o) = 2*o**w - o - 2*o**3 + o**3 - 3 - 2*o**2 - 3*o**2. Calculate a(-3).
0
Let m(p) = 3*p**3 + 3*p**2 + 2*p + 1. Let z = -4 + 11. Suppose 5*k = -5*n - 5, 5*k = 5*n - 8 - z. Give m(k).
-15
Let i(h) = -18*h - 4. Let p be i(-2). Let b be (-1*2)/(p/(-16)). Let m(t) = -13*t + 1. What is m(b)?
-12
Let z(x) = -3 + 2 - x - 5 + 8 + 6. Calculate z(7).
1
Suppose -a - 5*o - 10 = 2, 3*a + 2*o = -10. Let d be a/(-1)*(-2 - -4). Let k(v) = v**3 - 6*v**2 + 7*v - 6. What is k(d)?
-10
Let d(o) = o**2 - 16*o + 32. Let f be d(14). Let a(k) = -12*k**3 - f*k + 18*k**3 + 4*k**2 - 7*k**3. Calculate a(3).
-3
Let r(i) = -52*i + 147. Let l(g) = 19*g - 49. Let f(z) = -8*l(z) - 3*r(z). Give f(12).
-1
Let x = 163 - 161. Let o(r) = -8*r + 10*r - x*r**2 - 2 - 3*r. Determine o(-2).
-8
Let a(q) = -q**3 + 3*q**2 - 3*q. Let r be a(3). Let s(h) = h**3 + 8*h**2 - 14*h - 10. What is s(r)?
35
Let j(k) = -k - 24. Suppose 13*z - 218 = -452. Calculate j(z).
-6
Let x(i) = -i + 53 - 13 - 19 - 15. What is x(6)?
0
Suppose -t - 30 = -35. Let d(g) be the third derivative of 2/3*g**3 - 5/24*g**4 - 1/120*g**6 + 0*g + 4*g**2 + 0 + 7/60*g**t. Calculate d(6).
10
Suppose -2*y + 8 = -0. Let f(w) = 14*w**2 + 13*w + 17. Let b(r) = -5*r**2 - 4*r - 6. Let x(g) = y*f(g) + 11*b(g). Determine x(-8).
2
Let c(k) be the first derivative of -1/24*k**4 + 0*k - 3/40*k**5 - 11 - 4/3*k**3 + 0*k**2. Let p(l) be the third derivative of c(l). Give p(-1).
8
Let m(z) be the third derivative of 1/2*z**3 + 1/8*z**4 - 8*z**2 - 1/60*z**5 + 0*z + 0. Calculate m(4).
-1
Let p(w) = -w**2 - 5*w. Let i be ((-19)/(-2))/(3/(-12)). Let d = i + 34. Calculate p(d).
4
Let c(u) = -2*u**3 - u**2 - u + 1. Let w(s) = -38*s**3 - 4*s**2 - 5*s + 3. Let a(v) = 4*c(v) - w(v). Give a(-1).
-30
Let x(n) = -n**3 - 3*n**2 + 2*n + 4. Suppose -25 = l - 5*p - 7, -3*p = -9. What is x(l)?
-2
Let p(k) = 5*k**2 + 2*k + 4. Let r(v) = v**2 + v + 1. Let x(o) = -p(o) + 4*r(o). Let z = 78 - 75. Give x(z).
-3
Let i(r) be the first derivative of r**3 - 4*r + 4 - 1/4*r**4 + 4*r**2. Calculate i(5).
-14
Let h(j) = -j**3 - 4*j**2 + 2. Let i(t) = t**3 - 7*t**2 + 6*t + 2. Let w be i(5). Let o be -16 + 2*(-4)/(-8). Let a = w - o. What is h(a)?
-7
Let y(u) = -5*u**2 - u - 1. Suppose -3 = -4*m + 13. Suppose 0 = -m*q - q + 15. Suppose q*s - 3 = 6*s. Calculate y(s).
-5
Let l = 22 + -16. Suppose -2*u = -4*d, 0 = d - l*d. Let p(c) = u*c**2 + 5*c - 2*c**2 - 7 + 3*c**2. Determine p(-7).
7
Let n(c) = 181*c + 12 - 59*c - 54*c - 66*c. Give n(7).
26
Let f(w) be the third derivative of 4/3*w**3 + 0*w + 0 - 15*w**2 + 5/12*w**4 + 2/15*w**5 + 1/120*w**6. Give f(-7).
-13
Let t(r) = 2*r**2 + 25*r - 11. Let n be t(-13). Let g(v) = 19 - 2*v**2 - 5 - 12 + n*v. What is g(2)?
-2
Suppose 2*j + 4*z - 7 - 1 = 0, z - 20 = -5*j. Let s be (2 - 2) + 0 + j. Let v(h) = -h**3 + 5*h**2 - 4. Give v(s).
12
Let t(c) = -c**2 - 3*c + 3. Let y be 4/18 + (-2)/9. Suppose -6*i + 5*i = y. Suppose i = -s - b, 2*s - 5*s + b = 12. Calculate t(s).
3
Let k(x) = -20*x + 31. Let j(w) = -7*w. Let d(a) =